6?
124
What is the remainder when 1413887 is divided by 1412912?
975
Calculate the remainder when 81612417 is divided by 2147695.
7
What is the remainder when 818029 is divided by 371?
345
Calculate the remainder when 1749092 is divided by 60313.
15
Calculate the remainder when 1518813 is divided by 303751.
58
What is the remainder when 257404 is divided by 342?
220
What is the remainder when 20123 is divided by 10469?
9654
Calculate the remainder when 66023195 is divided by 2200773.
5
What is the remainder when 10920374 is divided by 12?
2
Calculate the remainder when 200449965 is divided by 112.
93
Calculate the remainder when 6134761 is divided by 57875.
11
Calculate the remainder when 10643974 is divided by 4.
2
Calculate the remainder when 3515687 is divided by 878921.
3
What is the remainder when 20294205 is divided by 239?
237
What is the remainder when 6438588 is divided by 42359?
20
What is the remainder when 85573 is divided by 2484?
1117
What is the remainder when 118120154 is divided by 28?
26
What is the remainder when 3956 is divided by 2996?
960
What is the remainder when 702442 is divided by 73?
36
What is the remainder when 12441741 is divided by 7?
4
Calculate the remainder when 1250641 is divided by 7403.
6937
Calculate the remainder when 304577878 is divided by 120.
118
What is the remainder when 16937189 is divided by 211?
8
Calculate the remainder when 3848154 is divided by 2236.
2234
What is the remainder when 326618 is divided by 1796?
1542
Calculate the remainder when 210836 is divided by 233.
204
Calculate the remainder when 377474 is divided by 125798.
80
What is the remainder when 341556 is divided by 456?
12
What is the remainder when 1152517 is divided by 138?
79
Calculate the remainder when 10638606 is divided by 22210.
16
Calculate the remainder when 23445 is divided by 22657.
788
Calculate the remainder when 5806945 is divided by 547.
540
What is the remainder when 5851762 is divided by 3?
1
Calculate the remainder when 1286118 is divided by 108.
54
Calculate the remainder when 5124627 is divided by 28790.
7
Calculate the remainder when 776653 is divided by 1294.
253
Calculate the remainder when 272611 is divided by 270789.
1822
What is the remainder when 3656407 is divided by 1711?
0
What is the remainder when 123282 is divided by 7462?
3890
Calculate the remainder when 5301712 is divided by 5301705.
7
What is the remainder when 1989124 is divided by 110506?
16
What is the remainder when 90809 is divided by 516?
509
What is the remainder when 660246 is divided by 220077?
15
Calculate the remainder when 58970 is divided by 119.
65
What is the remainder when 918590 is divided by 1455?
485
Calculate the remainder when 128120 is divided by 32025.
20
Calculate the remainder when 2498954 is divided by 356993.
3
What is the remainder when 5120655 is divided by 111?
3
Calculate the remainder when 1062731 is divided by 1.
0
Calculate the remainder when 473506 is divided by 157079.
2269
What is the remainder when 1617005 is divided by 694?
679
What is the remainder when 8520430 is divided by 6445?
140
Calculate the remainder when 1690743 is divided by 422683.
11
What is the remainder when 537511 is divided by 268746?
19
Calculate the remainder when 57389 is divided by 8746.
4913
What is the remainder when 1857906 is divided by 619157?
435
What is the remainder when 78415 is divided by 646?
249
Calculate the remainder when 89675 is divided by 89474.
201
What is the remainder when 55581936 is divided by 1506?
1500
What is the remainder when 3520306 is divided by 396?
262
What is the remainder when 45514539 is divided by 214?
163
What is the remainder when 1031540 is divided by 230?
220
Calculate the remainder when 150637 is divided by 25054.
313
What is the remainder when 63814 is divided by 2197?
101
What is the remainder when 153247 is divided by 2149?
668
What is the remainder when 437952 is divided by 110?
42
What is the remainder when 398563 is divided by 4025?
88
Calculate the remainder when 1136582 is divided by 3974.
18
What is the remainder when 5473279 is divided by 35085?
19
Calculate the remainder when 9550655 is divided by 598.
595
Calculate the remainder when 54688257 is divided by 235.
232
Calculate the remainder when 56078 is divided by 55108.
970
What is the remainder when 7561500 is divided by 1260238?
72
Calculate the remainder when 4241116 is divided by 824.
812
Calculate the remainder when 15530 is divided by 1249.
542
What is the remainder when 6867173 is divided by 525?
173
What is the remainder when 953854 is divided by 9537?
154
Calculate the remainder when 7238333 is divided by 2412774.
11
Calculate the remainder when 975994 is divided by 24380.
794
Calculate the remainder when 5987405 is divided by 14.
11
Calculate the remainder when 5319038 is divided by 664855.
198
Calculate the remainder when 22705278 is divided by 3121.
3
Calculate the remainder when 10704412 is divided by 645.
637
Calculate the remainder when 796066 is divided by 168.
82
Calculate the remainder when 15183 is divided by 431.
98
What is the remainder when 30277086 is divided by 10092358?
12
Calculate the remainder when 550221 is divided by 3644.
3621
Calculate the remainder when 250639 is divided by 646.
637
Calculate the remainder when 646961 is divided by 129339.
266
Calculate the remainder when 255852 is divided by 2939.
159
Calculate the remainder when 26390266 is divided by 910009.
5
What is the remainder when 226166 is divided by 1314?
158
What is the remainder when 8750007 is divided by 514703?
56
Calculate the remainder when 4823177 is divided by 344482.
429
What is the remainder when 19145871 is divided by 3017?
3006
Calculate the remainder when 65386903 is divided by 6994.
6991
Calculate the remainder when 117830 is divided by 117208.
622
What is the remainder when 129135382 is divided by 8964?
8962
What is the remainder when 83451 is divided by 435?
366
What is the remainder when 168504 is divided by 41939?
748
What is the remainder when 107521 is divided by 52254?
3013
Calculate the remainder when 89440 is divided by 6383.
78
Calculate the remainder when 29034 is divided by 22955.
6079
Calculate the remainder when 1192962 is divided by 275.
12
What is the remainder when 6927417 is divided by 526?
523
What is the remainder when 145771 is divided by 72465?
841
Calculate the remainder when 9853773 is divided by 2120.
13
What is the remainder when 33871613 is divided by 41?
37
What is the remainder when 722039975 is divided by 12?
11
Calculate the remainder when 3163004 is divided by 45.
44
What is the remainder when 159468924 is divided by 2487?
2484
Calculate the remainder when 434176 is divided by 2425.
101
Calculate the remainder when 521732636 is divided by 3429.
3428
What is the remainder when 16812 is divided by 2105?
2077
Calculate the remainder when 169103 is divided by 16870.
403
Calculate the remainder when 48645354 is divided by 1705.
1704
Calculate the remainder when 5880 is divided by 788.
364
What is the remainder when 258453 is divided by 541?
396
What is the remainder when 1575230 is divided by 393806?
6
Calculate the remainder when 1929 is divided by 861.
207
What is the remainder when 63095 is divided by 6012?
2975
Calculate the remainder when 19888222 is divided by 3246.
3226
What is the remainder when 1353233 is divided by 225530?
53
Calculate the remainder when 4761907 is divided by 179.
149
Calculate the remainder when 17505607 is divided by 343247.
10
What is the remainder when 292014 is divided by 2539?
29
Calculate the remainder when 29497694 is divided by 261.
257
What is the remainder when 584753 is divided by 3300?
653
What is the remainder when 316190818 is divided by 561?
559
What is the remainder when 14797449 is divided by 58?
25
What is the remainder when 1878255 is divided by 469397?
667
What is the remainder when 10254857 is divided by 2050971?
2
What is the remainder when 3304531943 is divided by 2124?
2123
What is the remainder when 3403860 is divided by 154?
152
Calculate the remainder when 39026 is divided by 9748.
34
What is the remainder when 79991 is divided by 35?
16
What is the remainder when 65962764 is divided by 1940081?
10
Calculate the remainder when 293805 is div